he highest common divisor of 768 and x?
12
Let b(m) = -185 + 94 + 10*m + 97 + 9*m. Let t(c) = -3*c**3 - 2*c**2 - 2*c - 1. Let a be t(-1). Let q be b(a). Calculate the highest common factor of q and 11.
11
Suppose 3*v - 2*v - 3*v = 0. Suppose 5*s - 6 - 124 = v. Suppose -31*a = -s*a - 150. What is the highest common factor of 270 and a?
30
Let h be (-10)/(-25)*3/((-36)/(-150)). Suppose -4*n + h*j = -55, 61*n - 66*n - 3*j = -41. What is the greatest common divisor of n and 38?
2
Let c(w) = -8*w - 112. Let s be c(-16). Let z = 42 - s. Calculate the highest common divisor of z and 26.
26
Let i be 23/((-2)/(-10) - 0). Let v = -64 + i. Let p(o) = -48*o + 226. Let u be p(4). Calculate the greatest common divisor of u and v.
17
Let f be ((-115)/(-2))/(28/56). Suppose -x + 26 = 2*b, -4*x - x - 5*b = -f. What is the greatest common factor of x and 740?
20
Let h(y) = y**2 + 10*y + 12. Let k be h(-9). Suppose -20 = -8*a + 3*a, i = -k*a + 580. What is the highest common divisor of 71 and i?
71
Let l = 1015 + -691. Let t = 49822 - 49804. What is the highest common divisor of l and t?
18
Suppose -d - 4*d = -5*p - 430, -p - d - 82 = 0. Let y = p + 101. Calculate the greatest common factor of 34 and y.
17
Let f = -9657 - -29641. Calculate the highest common divisor of f and 32.
16
Suppose 123*p - 8821 = 20945. Suppose t - 4*t = -66. Calculate the highest common divisor of p and t.
22
Let u = 10 + -14. Let a be u/6 - (-1054)/6. Suppose 502*m - 504*m + 52 = -2*w, 2*m + 4*w - 106 = 0. Calculate the greatest common divisor of a and m.
35
Suppose 3*k = 3 - 27. Let w be 9*(-3 - k) - 3. Suppose 5*c + 4*o = 48, c + w = 5*c + 5*o. Calculate the highest common factor of 16 and c.
8
Let x be (1/3)/((-11)/(-66)). Let t be (-1416)/56 - x/(-7). Let r = -16 - t. What is the highest common divisor of r and 36?
9
Suppose 0 = -2*d - 117 - 45. Let j = -65 - d. Calculate the highest common factor of j and 784.
16
Let h(k) = k**2 - 5 + 2 + 11*k**3 + 2*k**3 + 3*k - 5*k**3 + 1. Let o be h(1). What is the greatest common factor of o and 50?
10
Let p = -297 - -342. Suppose -29*n - 2432 = -p*n. Calculate the greatest common factor of n and 190.
38
Suppose 5*a + 2*o = 3191, -6*o + 5*o + 3 = 0. Calculate the highest common divisor of a and 1404.
13
Suppose -114 - 586 = 20*z. Let a(t) = -t**3 - 35*t**2 - 2*t - 68. Let c be a(z). Let v be (-4)/(-3)*21/2. What is the greatest common divisor of v and c?
2
Let w(r) = 88*r**3 + r - 1. Let h be w(1). Suppose -h = -6*p + 2*p. Suppose -400 = 141*z - 2121 - 2932. Calculate the highest common factor of z and p.
11
Suppose 14 = 4*c - 6, 4*c = -3*n + 53. Suppose n*a - 84 - 158 = 0. What is the greatest common divisor of a and 121?
11
Let n be -4*(-4)/(-8) + -1. Let b be (582/18 - -3)/(n/(-9)). Calculate the highest common divisor of b and 265.
53
Let f be (-2)/(-4) - 60/(-24). Suppose f*l = 2*b + 132, 27 = l + 4*b - 3. Calculate the highest common factor of 651 and l.
21
Suppose 0 = -10*c - 7 + 77. Suppose -2*z - 630 = -c*z. Calculate the greatest common divisor of 14 and z.
14
Suppose -5*o + 1802 = 3*g, 4*o + 4*g - 1079 = 369. Calculate the greatest common divisor of 2685 and o.
179
Suppose 0 = -2*x + 2*m + 84, 0 = -2*x + m + 56 + 31. Calculate the highest common factor of x and 525.
15
Let n(l) be the first derivative of l**3/3 - 7*l**2 + 71*l - 135. Let z be n(10). What is the greatest common factor of z and 217?
31
Let p be (-1315116)/(-264)*(3 + -1). Calculate the highest common factor of 492 and p.
123
Suppose -11312*z + 136 = -11304*z. What is the highest common factor of z and 72?
1
Let o(j) = -4*j**2 + 1. Let v be o(-1). Let z = v + 8. Suppose -3*g + z*x + 13 = 0, -g + x = 2*g - 5. Calculate the highest common factor of g and 9.
1
Let b = -7705 - -8565. Calculate the highest common divisor of 20 and b.
20
Suppose 5*u = -20, -3*s - 18 = 4*u - 5. Let k be ((3 - s) + (105 - -17))/2. Calculate the highest common factor of k and 93.
31
Let s = 33 - 45. Let j(v) = 2*v**3 + 22*v**2 - 27*v - 3. Let w be j(s). Calculate the highest common divisor of 275 and w.
11
Suppose -4*s = -3*d - 79, 2*s = 3*d - 0*d + 47. Suppose -44 = -4*n + s. What is the greatest common divisor of 270 and n?
15
Let k(p) be the second derivative of p**4/6 - 6*p**2 + 13*p. Let q be (-7)/2 + (-12)/(-24). Let f be k(q). Calculate the greatest common factor of 54 and f.
6
Let b(i) = 31*i - 843. Let g be b(28). Let w = -304 + 579. Calculate the highest common divisor of w and g.
25
Suppose -16*x = 3*p - 21*x - 3394, 0 = p - 4*x - 1136. Calculate the highest common factor of 141 and p.
141
Let h be (-7 + -3)/((-35)/210). What is the highest common factor of h and 860?
20
Let o = -372 + 831. Suppose -10 = -5*z, 5*z + 341 = 5*w - o. Let i(c) = c**3 + 7*c**2 + 6*c - 2. Let x be i(-5). Calculate the highest common factor of x and w.
18
Suppose -5*y = -2*s - 6373, 4*s - 2184 + 6019 = 3*y. Calculate the highest common factor of 38 and y.
19
Suppose -40*q + 46*q = 11196. Suppose -2*b + q = 4*b. Let g = b + -47. Calculate the greatest common divisor of g and 24.
24
Suppose -4*y + 678 = 5*h, 51*y - 548 = -4*h + 47*y. What is the greatest common divisor of h and 13325?
65
Let v(x) = 9*x**3 + 5*x**2 + 2*x + 4. Let z be v(-2). Let k = z - -508. What is the greatest common factor of k and 19?
19
Let j be -3 - -2*4/(-8). Let v(d) = 8*d**2 + 7*d + 6. Let t be v(j). Suppose -107*y + 14 = -t*y. Calculate the highest common divisor of 14 and y.
14
Let l(x) = -x**2 + 8*x - 14. Let c be l(6). Let g be (c - (-51)/21) + 592/56. Calculate the highest common factor of 198 and g.
11
Suppose -18535*y - 13572 = -18548*y. Calculate the greatest common divisor of 116 and y.
116
Suppose -22*c = -6*c - 464. Suppose 34*s - c*s - 75 = 0. Calculate the greatest common divisor of 255 and s.
15
Let h(j) = 1 + 671*j - 2*j**2 - 334*j - 3*j**3 - 336*j. Let b be h(-1). What is the highest common divisor of b and 7?
1
Let v = -277 - -398. Suppose 4*p + v = 601. Suppose 0 = 5*x + 20, -2*q + 2*x = -0*q - 38. Calculate the highest common factor of q and p.
15
Let n(o) = -39*o - 2358. Let s be n(-61). Calculate the highest common factor of s and 240.
3
Let y(r) = -8*r - 379. Let o be y(-60). Calculate the highest common factor of 5656 and o.
101
Suppose -5*h = -5*x - 215, -h - 5*x + 4*x = -33. Let y(v) = v + 1. Let t be y(h). What is the highest common divisor of t and 195?
39
Suppose -3*l - 2*l + h - 16 = 0, -2*h - 1 = l. Let i be (-4)/(3 + -2 + l). Let o = -143108 + 143126. What is the greatest common divisor of o and i?
2
Let b = 115 + -104. Let k = 95 - b. Let g = 99 - k. Calculate the greatest common divisor of g and 135.
15
Let o = 2078 + -414. What is the greatest common factor of o and 1872?
208
Let h = 8457 - 7949. What is the greatest common divisor of h and 4?
4
Suppose -2*j = 4*a - 452, -5*a = 3*j - 393 - 170. Calculate the greatest common divisor of a and 7705.
115
Let p = 1044 + 4456. Calculate the highest common divisor of 25 and p.
25
Let f = -2 - -33. Let m = -2 + f. What is the highest common divisor of 87 and m?
29
Suppose -3*p + 2*w + 253 = 0, -w - 217 = -2*p + 10*w. What is the greatest common factor of p and 1188?
27
Suppose -19*w + 72 = -11*w. Let s = 1 + 8. Let n be ((-2)/4)/(s/(-108)). What is the greatest common factor of w and n?
3
Let h be ((-16038)/36 + -19)*(-6)/3*3. Calculate the highest common divisor of 6 and h.
3
Let f(b) = b**3 - 7*b + 4. Let w = 84 - 81. Let x be f(w). Calculate the greatest common factor of x and 100.
10
Let f be (-14 + 189/18)*-36. What is the greatest common divisor of 423 and f?
9
Suppose 25574*j = 25585*j - 7920. What is the greatest common divisor of j and 18?
18
Let v = -678 - -858. What is the highest common divisor of 4380 and v?
60
Let v = 722 + -730. Let k(n) = -n**3 - 7*n**2 - 8*n - 2. Let g be k(v). Calculate the highest common factor of 28 and g.
14
Let n(d) = d**2 + 21*d - 303. Let j be n(18). What is the greatest common divisor of j and 2109?
57
Let w be ((-6)/5)/((1/(-5710))/(15/9)). Calculate the highest common factor of 20 and w.
20
Let p(s) be the second derivative of s**4/2 - 2*s**3/3 - 2*s**2 + 21*s - 1. Let l be p(-2). Calculate the highest common divisor of 35 and l.
7
Let x = 8 + -11. Let r(p) = 18*p**2 - 6*p + 5. Let t be r(x). What is the great